 16. Let g be (-168)/1260 - (-462)/90. Calculate j(g).
56
Let j = 2 + 1. Let l(z) = 4309 - z - j*z - 4310. What is l(-1)?
3
Let r(w) = w**3 + 5*w**2 + 9*w + 37. Suppose -3*q = -7*s - 31, 137*q - 132*q = 3*s - 9. Calculate r(q).
-53
Let z be (6/9)/(2/9). Let m be 10/350*14 + 1 + (-14)/10. Suppose -4*v - z*h - 16 = -m*v, 8 = 2*h. Let k(g) = g**2 + 7*g + 5. What is k(v)?
5
Suppose 4*f - 3 = 5. Let m(t) be the third derivative of -8 - t**2 - 1/3*t**3 + 1/24*t**4 + 0*t. What is m(f)?
0
Let p(w) = w**3 + 12*w**2 - 15*w - 20. Let j be -11 + (-2*2 - 20/(-7 + -3)). Determine p(j).
6
Suppose 0 = 17*l - 15*l - 32. Let o = l + -15. Let h be o*(9/(-15))/(3/(-30)). Let q(s) = s**2 - 4*s - 8. Determine q(h).
4
Let w(n) = -2*n - 1. Let j(b) = b. Let k(x) = 4*j(x) + 3*w(x). Suppose -94*s - 26 = -92*s - 2*t, 3 = -s - t. Determine k(s).
13
Suppose 3*i + 6 = 6*i. Let w(h) = i*h + h - 4*h + 0*h - 5. Let v(g) = g**3 - g**2 - 16*g - 6. Let y be v(0). What is w(y)?
1
Let r(u) = -u**2 - 21*u + 94. Let d = 486 - 482. What is r(d)?
-6
Let i(j) be the third derivative of -j**4/12 - j**3/2 - j**2. Let h be i(-2). Let g(r) = -1269 + 2983 - 1715 + r. Give g(h).
0
Let d be (-1*(-4 + 0))/(5/(-40)*2). Let u(w) = -w**2 - 24*w - 123. Determine u(d).
5
Let u = -1243 + 1249. Let f(i) = i**2 - 10*i + 23. Give f(u).
-1
Suppose -1029 + 821 = 26*y. Let a(q) be the third derivative of -q**6/120 - 2*q**5/15 - q**4/4 - 3*q**3/2 + 2*q**2. What is a(y)?
39
Let v(m) = -17 + 5*m - 18 + 6 + 4 - 30*m. Calculate v(-1).
0
Let z(b) = 9*b**2 - 7*b - 11. Let p(s) = 4*s**2 - 3*s - 5. Let q(g) = -6*g**3 + g**2 - 4*g + 2. Let j be q(1). Let c(i) = j*p(i) + 3*z(i). Give c(-5).
-23
Suppose 0 = 5*t - 69*g + 68*g + 7, 4*g = -3*t + 5. Let a(p) = 2*p + 3*p - 3*p + 8*p**2 - 3*p. Let x be a(t). Let u(b) = -b**2 + 9*b - 1. What is u(x)?
-1
Let z(k) be the first derivative of 1/8*k**4 + 1/2*k**3 + 0*k - k**2 + 35. Let x(r) be the second derivative of z(r). Determine x(-3).
-6
Let d(t) = 8*t**2. Suppose 0 = 17*x - x. Suppose 4*p = 4 - x, 4 = 3*m + p. What is d(m)?
8
Let m(k) = -34*k - 7. Let w = 5359 + -5361. Give m(w).
61
Let k = 542 - 530. Let b be (-62)/(-6) - (10 + (-104)/k). Let p(z) = z**3 - 9*z**2 + 3. What is p(b)?
3
Let a(i) = i - 12. Let n(z) = -4*z + 8. Suppose 3*j + 3*g = 5*g + 29, 4*g + 37 = 3*j. Let o be n(j). Let b = o - -26. Give a(b).
-6
Let k(y) be the third derivative of y**5/20 + 7*y**4/24 + 7*y**3/3 + 35*y**2 - 8*y - 1. Determine k(-5).
54
Let n(o) = 8*o + 103305*o**2 + 0 + 8*o - 103304*o**2 - 18. What is n(-17)?
-1
Let z be ((-11)/4)/11*-16. Suppose 4*r - z*x = 8, 5*x + 10 = -r - 0. Let a(l) = l - 23. What is a(r)?
-23
Let o(z) = -2*z - 13. Let f be ((-966)/(-98) - 9)*1*-14. Determine o(f).
11
Let t(f) = f**3 - 5*f**2 - 6*f + 3. Let r(d) be the first derivative of -d**4/4 - 5*d**3/3 + 3*d**2/2 - 13*d - 13. Let k be r(-6). Determine t(k).
-27
Suppose 0 = 5*z + 80 - 55. Let j be ((-12)/(-10))/(z*3/75). Let x(a) be the second derivative of a**3/2 + 3*a**2/2 + a. What is x(j)?
-15
Suppose -12 = 3*y - 3*j, y - 3*j = 4*y. Let z(u) = 0*u + 316*u**3 - 2*u - 3 - 155*u**3 - 168*u**3 - 3*u**2. Determine z(y).
45
Let q(d) = -3*d - 6. Let n be q(-4). Let i(t) = 25 + 14 - 33 - 2*t - t**2 - 5*t + 0*t + 2*t**2. What is i(n)?
0
Let a(r) = 27*r - 406. Let h(x) = 9*x - 135. Let m(v) = 3*a(v) - 10*h(v). Calculate m(14).
6
Let u(t) be the third derivative of -4*t**5/15 - t**4/6 - t**3 - 63*t**2. Let a(v) = -15*v**2 - 5*v - 8. Let k(x) = 3*a(x) - 4*u(x). Calculate k(1).
20
Let b(l) = -3*l**3 + 34*l**2 - 9*l - 1. Let x(z) = -z**3 + 12*z**2 - 3*z - 1. Let n(q) = -4*b(q) + 11*x(q). What is n(3)?
-7
Let p(x) be the third derivative of -x**5/60 + x**4/4 - 2*x**3 - 3*x**2 + 29453. Let q be 2/(-2)*(-2 - 2). Calculate p(q).
-4
Let r = -22267 + 22269. Let a(j) be the third derivative of 0*j + 1/120*j**6 + j**3 - 3*j**r - 7/60*j**5 + 0 + 1/6*j**4. What is a(5)?
-24
Suppose -24 = -2*q + 4*r, -8*r + 10*r = -4. Let j(w) = w**3 - 9*w**2 + 11*w - 31. Determine j(q).
-7
Let v be (-14)/7 - 1/(2/(-100)). Suppose 8 = 2*o + 4*y - v, y - 4 = 0. Suppose 4*a - 9*a = -o. Let z(g) = g**3 - 4*g**2 + g. Determine z(a).
4
Let n(x) = -4*x + 1. Let o(i) = 23*i + 760. Let c be o(-33). Give n(c).
-3
Let a(s) = -146*s - 154*s + 292*s. Let l(o) = 3*o. Let x(m) = 6*a(m) + 17*l(m). Suppose -2*j = f - 9, -j = -5*j - 4*f + 28. Calculate x(j).
6
Let i(n) = -n + 2. Let p(x) = x - 3. Let j(h) = 4*h + 7. Let a be j(-2). Let d(c) = a*p(c) - 2*i(c). Calculate d(-4).
-5
Let p(o) = -o**3 - 8*o**2 + 26*o - 91. Let m(t) = t**3 + 10*t**2 - 24*t + 86. Let h(u) = 5*m(u) + 4*p(u). Give h(-19).
9
Suppose 0*l = l. Suppose 81 = 4*q + 73. Let s(p) = 3*p**2 - p + 2. Let j(w) = 7*w**2 - 3*w + 3. Let m(h) = q*j(h) - 5*s(h). Determine m(l).
-4
Let f be ((-12)/(-10))/((-3)/15). Let u(q) be the third derivative of -1/6*q**3 - 1/8*q**4 + 19*q**2 + 0*q + 0. Determine u(f).
17
Let j(o) = -o - 2. Let d(f) = f - 11. Let k be d(11). Let t be k/(-1) + (6 + -4 - 5). Let z(g) = 2*g + 2. Let p(q) = t*z(q) - 2*j(q). Calculate p(-3).
10
Let a(t) = -2*t + 2*t**3 + 6*t**2 - 3 - 3*t**2 + 0*t**2. Suppose -3953*f + 3955*f = -w + 5, f = 4. Calculate a(w).
-24
Let f(a) = 3*a**2 + 5*a + 17. Let y(o) be the second derivative of 0 + 17*o - 1/3*o**3 - 3*o**2 - 1/12*o**4. Let d(q) = 6*f(q) + 17*y(q). Give d(5).
5
Suppose j - 14 = -3*t, -2*j + 0*j + 4 = -2*t. Let g be 1/3 - j/(-3). Let f be 3/g*(-2)/3. Let o(b) = 5*b**3. Determine o(f).
-5
Suppose 3*o - 3*v = 12, 2 = -o - 2*v - 0. Let c(z) = z**o - 9 - 8*z + 9*z + 9*z. Suppose -f - 13 = -2. Give c(f).
2
Let i(j) be the third derivative of -j**5/40 - 5*j**4/24 + 5*j**3/6 - 14*j**2. Let q(g) be the first derivative of i(g). What is q(6)?
-23
Let g = 289 + -281. Let s(t) = -t**2 - 1 + 5 - 3*t + 15*t - g. Calculate s(8).
28
Let x(a) = -a + 7. Let t be x(-9). Let s = t - 9. Let p(v) = -6*v + 4*v**2 + 9 + v**2 - 3*v - 4*v**2. What is p(s)?
-5
Suppose 154*i - 1323 = 163*i. Let f = -145 - i. Let m(j) = 4*j**3 - 2*j**2 + 2*j - 2. Give m(f).
26
Let p be 12*(-2 + -1)/(-6). Let i(a) = -4*a - 24. Let y be i(-7). Let l(d) = 2*d + 9 - 5*d - y + 0*d. What is l(p)?
-13
Let w(q) = 2*q**3 - 12*q - 15. Let o(a) = a**2 - 207*a + 1008. Let t be o(5). What is w(t)?
-7
Let a = -194 - -198. Let p be 4/(-6) + 40/15. Suppose -p*j - 3*j = -4*b - 41, 0 = 2*b + a*j - 12. Let g(o) = -o**3 - 5*o**2 - o + 5. Give g(b).
-7
Let j be -5*((-3)/15 + 1) + 19. Let c(w) = -14 - w**3 - 10 + 2 - j*w**2 + 2 - 15*w. Give c(-14).
-6
Let q(d) be the first derivative of 25 + 0*d + 2/3*d**3 - 1/24*d**4 - 27/2*d**2. Let o(r) be the second derivative of q(r). Give o(9).
-5
Let v(g) = -15*g**2 + 7*g - 2. Let y(w) = 2*w**2 - 2*w. Let x(d) = v(d) + 7*y(d). What is x(-7)?
-2
Let m(j) = -4*j**2 - 68*j - 6. Let d(v) = 2*v**2 + 35*v + 2. Let l(f) = -5*d(f) - 3*m(f). What is l(-13)?
-31
Let f(z) be the first derivative of -z**5/120 - z**4/24 - 2*z**3/3 + 2. Let g(w) be the third derivative of f(w). Suppose -5*k + 33 = 35*k - 7. Give g(k).
-2
Let p(r) = 26*r**2 - r + 1. Suppose -5*f = 5*o - 1235, 5*f = -16*o + 21*o + 1225. Let u = 247 - f. Determine p(u).
26
Let p(l) = -20*l + 206. Let z(t) = 21*t - 212. Let s(r) = -11*p(r) - 10*z(r). What is s(15)?
4
Let o(w) = 7*w**2 + 13*w. Let p(y) = 41*y**2 + 73*y - 8. Let z(q) = 6*o(q) - p(q). What is z(-4)?
4
Let c(j) = 10*j - 1. Suppose 0 = 3*b + 2*q + 2, -2*b + 3*q = -0*q - 16. Give c(b).
19
Let b(u) = u**2 - 4. Let w be 702/(-12)*(-1 - -3). Let m = w - -118. Let x be (0 - 0)/(-3 + m). What is b(x)?
-4
Suppose -17*n - 56 = -31*n. Let j(m) = 13 - 2 + 3*m - 4 - n*m - 10. What is j(-8)?
5
Let n(p) = -p - 9. Let j = 235 + -230. Suppose -2*c - 15 - 37 = 4*f, -87 = j*f - 3*c. What is n(f)?
6
Suppose -2*w - 30 = 4*c, -22136 = -4*w + 3*c - 22163. Let o(u) = -8*u**2 - 2*u**2 - 10 - 3 - u**3 - 10*u. Calculate o(w).
-4
Suppose -2310 + 2339 = -29*r. Let u(z) = 5*z**2 + 21 - 2*z - 20 + 4*z. Give u(r).
4
Let p(h) be the third derivative of h**5/30 - h**4/24 + h**3/2 - 54*h**2 - 1. Suppose z + 5*q + 15 = 3*q, 3*q = 9. Let n = 24 + z. Determine p(n).
18
Let f(l) be the first derivative of l**2 + 23*l + 2604. Let k = 31 + -42. What is f(k)?
1
Let s(u) = u**3 - 54*u**2 + 241*u + 204. Let l be s(49). Let y(w) = w**2 - 9*w + 2. Give y(l).
-6
Let l = -157 + 159. Suppose 2*k - 68 